{"id":1281,"date":"2023-02-13T21:18:22","date_gmt":"2023-02-13T18:18:22","guid":{"rendered":"https:\/\/invertormerkezi.com\/?post_type=product&#038;p=1281"},"modified":"2023-07-05T16:33:55","modified_gmt":"2023-07-05T13:33:55","slug":"medel-dc3-500hp-serisi-dc-surucu","status":"publish","type":"product","link":"https:\/\/invertormerkezi.com\/index.php\/urun\/medel-dc3-500hp-serisi-dc-surucu\/","title":{"rendered":"MEDEL DC3\/500HP SER\u0130S\u0130 DC S\u00dcR\u00dcC\u00dc"},"content":{"rendered":"<p>DC3 \/ 500HP<br \/>\nDC3 \/ 500HP SER\u0130S\u0130 MEDEL DC S\u00fcr\u00fcc\u00fc<br \/>\nET\u0130KETLER : #MEDEL #DC3 #1000A #DC S\u00dcR\u00dcC\u00dc #HIZ KONTROL C\u0130HAZI #INVERTOR<\/p>\n","protected":false},"excerpt":{"rendered":"<p>DC3 \/ 500HP<br \/>\nDC3 \/ 500HP SER\u0130S\u0130 MEDEL DC S\u00fcr\u00fcc\u00fc<br \/>\nET\u0130KETLER : #MEDEL #DC3 #1000A #DC S\u00dcR\u00dcC\u00dc #HIZ KONTROL C\u0130HAZI #INVERTOR<\/p>\n","protected":false},"featured_media":1283,"comment_status":"open","ping_status":"closed","template":"","meta":{"om_disable_all_campaigns":false,"_monsterinsights_skip_tracking":false,"_monsterinsights_sitenote_active":false,"_monsterinsights_sitenote_note":"","_monsterinsights_sitenote_category":0,"site-sidebar-layout":"default","site-content-layout":"default","ast-global-header-display":"","ast-main-header-display":"","ast-hfb-above-header-display":"","ast-hfb-below-header-display":"","ast-hfb-mobile-header-display":"","site-post-title":"","ast-breadcrumbs-content":"","ast-featured-img":"","footer-sml-layout":"","theme-transparent-header-meta":"default","adv-header-id-meta":"","stick-header-meta":"","header-above-stick-meta":"","header-main-stick-meta":"","header-below-stick-meta":""},"product_cat":[127,58,100],"product_tag":[68,69,128,67],"aioseo_notices":[],"_links":{"self":[{"href":"https:\/\/invertormerkezi.com\/index.php\/wp-json\/wp\/v2\/product\/1281"}],"collection":[{"href":"https:\/\/invertormerkezi.com\/index.php\/wp-json\/wp\/v2\/product"}],"about":[{"href":"https:\/\/invertormerkezi.com\/index.php\/wp-json\/wp\/v2\/types\/product"}],"replies":[{"embeddable":true,"href":"https:\/\/invertormerkezi.com\/index.php\/wp-json\/wp\/v2\/comments?post=1281"}],"wp:featuredmedia":[{"embeddable":true,"href":"https:\/\/invertormerkezi.com\/index.php\/wp-json\/wp\/v2\/media\/1283"}],"wp:attachment":[{"href":"https:\/\/invertormerkezi.com\/index.php\/wp-json\/wp\/v2\/media?parent=1281"}],"wp:term":[{"taxonomy":"product_cat","embeddable":true,"href":"https:\/\/invertormerkezi.com\/index.php\/wp-json\/wp\/v2\/product_cat?post=1281"},{"taxonomy":"product_tag","embeddable":true,"href":"https:\/\/invertormerkezi.com\/index.php\/wp-json\/wp\/v2\/product_tag?post=1281"}],"curies":[{"name":"wp","href":"https:\/\/api.w.org\/{rel}","templated":true}]}}