{"id":1731,"date":"2023-02-25T21:54:59","date_gmt":"2023-02-25T18:54:59","guid":{"rendered":"https:\/\/invertormerkezi.com\/?post_type=product&#038;p=1731"},"modified":"2023-07-04T16:19:58","modified_gmt":"2023-07-04T13:19:58","slug":"sgdm-20ada-9p69-yaskawa-2-kw-servo-surucu","status":"publish","type":"product","link":"https:\/\/invertormerkezi.com\/index.php\/urun\/sgdm-20ada-9p69-yaskawa-2-kw-servo-surucu\/","title":{"rendered":"SGDM-20ADA 9P69 YASKAWA 2 KW SERVO S\u00dcR\u00dcC\u00dc"},"content":{"rendered":"<p>SGDM-20ADA 9P6987-2-19<br \/>\nSGDM-20ADA 9P6987-2-19 SER\u0130S\u0130 YASKAWA 2 KW SERVO S\u00dcR\u00dcC\u00dc<br \/>\nET\u0130KETLER : #YASKAWA #SERVO #2 KW #SERVO S\u00dcR\u00dcC\u00dc<\/p>\n","protected":false},"excerpt":{"rendered":"<p>SGDM-20ADA 9P6987-2-19<br \/>\nSGDM-20ADA 9P6987-2-19 SER\u0130S\u0130 YASKAWA 2 KW SERVO S\u00dcR\u00dcC\u00dc<br \/>\nET\u0130KETLER : #YASKAWA #SERVO #2 KW #SERVO S\u00dcR\u00dcC\u00dc<\/p>\n","protected":false},"featured_media":1732,"comment_status":"open","ping_status":"closed","template":"","meta":{"om_disable_all_campaigns":false,"_monsterinsights_skip_tracking":false,"_monsterinsights_sitenote_active":false,"_monsterinsights_sitenote_note":"","_monsterinsights_sitenote_category":0,"site-sidebar-layout":"default","site-content-layout":"default","ast-global-header-display":"","ast-main-header-display":"","ast-hfb-above-header-display":"","ast-hfb-below-header-display":"","ast-hfb-mobile-header-display":"","site-post-title":"","ast-breadcrumbs-content":"","ast-featured-img":"","footer-sml-layout":"","theme-transparent-header-meta":"default","adv-header-id-meta":"","stick-header-meta":"","header-above-stick-meta":"","header-main-stick-meta":"","header-below-stick-meta":""},"product_cat":[59,119],"product_tag":[163,167,67,166],"aioseo_notices":[],"_links":{"self":[{"href":"https:\/\/invertormerkezi.com\/index.php\/wp-json\/wp\/v2\/product\/1731"}],"collection":[{"href":"https:\/\/invertormerkezi.com\/index.php\/wp-json\/wp\/v2\/product"}],"about":[{"href":"https:\/\/invertormerkezi.com\/index.php\/wp-json\/wp\/v2\/types\/product"}],"replies":[{"embeddable":true,"href":"https:\/\/invertormerkezi.com\/index.php\/wp-json\/wp\/v2\/comments?post=1731"}],"wp:featuredmedia":[{"embeddable":true,"href":"https:\/\/invertormerkezi.com\/index.php\/wp-json\/wp\/v2\/media\/1732"}],"wp:attachment":[{"href":"https:\/\/invertormerkezi.com\/index.php\/wp-json\/wp\/v2\/media?parent=1731"}],"wp:term":[{"taxonomy":"product_cat","embeddable":true,"href":"https:\/\/invertormerkezi.com\/index.php\/wp-json\/wp\/v2\/product_cat?post=1731"},{"taxonomy":"product_tag","embeddable":true,"href":"https:\/\/invertormerkezi.com\/index.php\/wp-json\/wp\/v2\/product_tag?post=1731"}],"curies":[{"name":"wp","href":"https:\/\/api.w.org\/{rel}","templated":true}]}}