{"id":3327,"date":"2023-09-01T16:09:29","date_gmt":"2023-09-01T13:09:29","guid":{"rendered":"https:\/\/invertormerkezi.com\/?post_type=product&#038;p=3327"},"modified":"2023-09-01T16:09:31","modified_gmt":"2023-09-01T13:09:31","slug":"yaskawa-cimr-lk4-37-kw-surucu","status":"publish","type":"product","link":"https:\/\/invertormerkezi.com\/index.php\/urun\/yaskawa-cimr-lk4-37-kw-surucu\/","title":{"rendered":"YASKAWA CIMR-LK4 37 KW S\u00dcR\u00dcC\u00dc"},"content":{"rendered":"<p>YASKAWA CIMR-LK4A0075AAA 37 KW S\u00dcR\u00dcC\u00dc<\/p>\n<p>#YASKAWA #CIMR #37KW #S\u00dcR\u00dcC\u00dc #INVERTER<\/p>\n","protected":false},"excerpt":{"rendered":"<p>YASKAWA CIMR-LK4A0075AAA 37 KW S\u00dcR\u00dcC\u00dc<\/p>\n<p>#YASKAWA #CIMR #37KW #S\u00dcR\u00dcC\u00dc #INVERTER<\/p>\n","protected":false},"featured_media":3329,"comment_status":"open","ping_status":"closed","template":"","meta":{"om_disable_all_campaigns":false,"_monsterinsights_skip_tracking":false,"_monsterinsights_sitenote_active":false,"_monsterinsights_sitenote_note":"","_monsterinsights_sitenote_category":0,"site-sidebar-layout":"default","site-content-layout":"default","ast-global-header-display":"","ast-main-header-display":"","ast-hfb-above-header-display":"","ast-hfb-below-header-display":"","ast-hfb-mobile-header-display":"","site-post-title":"","ast-breadcrumbs-content":"","ast-featured-img":"","footer-sml-layout":"","theme-transparent-header-meta":"default","adv-header-id-meta":"","stick-header-meta":"","header-above-stick-meta":"","header-main-stick-meta":"","header-below-stick-meta":""},"product_cat":[58,119],"product_tag":[202,271,348,68,230,67,166],"aioseo_notices":[],"_links":{"self":[{"href":"https:\/\/invertormerkezi.com\/index.php\/wp-json\/wp\/v2\/product\/3327"}],"collection":[{"href":"https:\/\/invertormerkezi.com\/index.php\/wp-json\/wp\/v2\/product"}],"about":[{"href":"https:\/\/invertormerkezi.com\/index.php\/wp-json\/wp\/v2\/types\/product"}],"replies":[{"embeddable":true,"href":"https:\/\/invertormerkezi.com\/index.php\/wp-json\/wp\/v2\/comments?post=3327"}],"wp:featuredmedia":[{"embeddable":true,"href":"https:\/\/invertormerkezi.com\/index.php\/wp-json\/wp\/v2\/media\/3329"}],"wp:attachment":[{"href":"https:\/\/invertormerkezi.com\/index.php\/wp-json\/wp\/v2\/media?parent=3327"}],"wp:term":[{"taxonomy":"product_cat","embeddable":true,"href":"https:\/\/invertormerkezi.com\/index.php\/wp-json\/wp\/v2\/product_cat?post=3327"},{"taxonomy":"product_tag","embeddable":true,"href":"https:\/\/invertormerkezi.com\/index.php\/wp-json\/wp\/v2\/product_tag?post=3327"}],"curies":[{"name":"wp","href":"https:\/\/api.w.org\/{rel}","templated":true}]}}