{"id":3557,"date":"2025-04-07T13:53:45","date_gmt":"2025-04-07T10:53:45","guid":{"rendered":"https:\/\/invertormerkezi.com\/?post_type=product&#038;p=3557"},"modified":"2025-04-07T13:56:13","modified_gmt":"2025-04-07T10:56:13","slug":"yaskawa-v1000-22-3-kw-surucu-cimr-vt2a00012baa","status":"publish","type":"product","link":"https:\/\/invertormerkezi.com\/index.php\/urun\/yaskawa-v1000-22-3-kw-surucu-cimr-vt2a00012baa\/","title":{"rendered":"YASKAWA V1000 2,2\/3 KW S\u00dcR\u00dcC\u00dc CIMR-VT2A00012BAA"},"content":{"rendered":"<p>YASKAWA V1000 2,2\/3 KW 220V G\u0130R\u0130\u015eL\u0130 S\u00dcR\u00dcC\u00dc<br \/>\n#YASKAWA, #V1000, #2.2\/3KW, #220V, #OMRON<\/p>\n","protected":false},"excerpt":{"rendered":"<p>YASKAWA V1000 2,2\/3 KW 220V G\u0130R\u0130\u015eL\u0130 S\u00dcR\u00dcC\u00dc<br \/>\n#YASKAWA, #V1000, #2.2\/3KW, #220V, #OMRON<\/p>\n","protected":false},"featured_media":3560,"comment_status":"open","ping_status":"closed","template":"","meta":{"om_disable_all_campaigns":false,"_monsterinsights_skip_tracking":false,"_monsterinsights_sitenote_active":false,"_monsterinsights_sitenote_note":"","_monsterinsights_sitenote_category":0,"site-sidebar-layout":"default","site-content-layout":"default","ast-global-header-display":"","ast-main-header-display":"","ast-hfb-above-header-display":"","ast-hfb-below-header-display":"","ast-hfb-mobile-header-display":"","site-post-title":"","ast-breadcrumbs-content":"","ast-featured-img":"","footer-sml-layout":"","theme-transparent-header-meta":"default","adv-header-id-meta":"","stick-header-meta":"","header-above-stick-meta":"","header-main-stick-meta":"","header-below-stick-meta":""},"product_cat":[16,105,119],"product_tag":[286,440,439,171,283,166],"aioseo_notices":[],"_links":{"self":[{"href":"https:\/\/invertormerkezi.com\/index.php\/wp-json\/wp\/v2\/product\/3557"}],"collection":[{"href":"https:\/\/invertormerkezi.com\/index.php\/wp-json\/wp\/v2\/product"}],"about":[{"href":"https:\/\/invertormerkezi.com\/index.php\/wp-json\/wp\/v2\/types\/product"}],"replies":[{"embeddable":true,"href":"https:\/\/invertormerkezi.com\/index.php\/wp-json\/wp\/v2\/comments?post=3557"}],"wp:featuredmedia":[{"embeddable":true,"href":"https:\/\/invertormerkezi.com\/index.php\/wp-json\/wp\/v2\/media\/3560"}],"wp:attachment":[{"href":"https:\/\/invertormerkezi.com\/index.php\/wp-json\/wp\/v2\/media?parent=3557"}],"wp:term":[{"taxonomy":"product_cat","embeddable":true,"href":"https:\/\/invertormerkezi.com\/index.php\/wp-json\/wp\/v2\/product_cat?post=3557"},{"taxonomy":"product_tag","embeddable":true,"href":"https:\/\/invertormerkezi.com\/index.php\/wp-json\/wp\/v2\/product_tag?post=3557"}],"curies":[{"name":"wp","href":"https:\/\/api.w.org\/{rel}","templated":true}]}}