{"id":3635,"date":"2025-10-16T19:01:03","date_gmt":"2025-10-16T16:01:03","guid":{"rendered":"https:\/\/invertormerkezi.com\/?post_type=product&#038;p=3635"},"modified":"2025-11-21T18:32:43","modified_gmt":"2025-11-21T15:32:43","slug":"abb-asm1-37-kw-surucu-acsm1-04as-073a-4","status":"publish","type":"product","link":"https:\/\/invertormerkezi.com\/index.php\/urun\/abb-asm1-37-kw-surucu-acsm1-04as-073a-4\/","title":{"rendered":"ABB ACSM1 37 KW S\u00dcR\u00dcC\u00dc ACSM1-04AS-073A-4"},"content":{"rendered":"<p>ABB ACSM1 37 KW S\u00dcR\u00dcC\u00dc ACSM1-04AS-073A-4<br \/>\n#ABB, #ACSM1, #37KW, #INVERTER<\/p>\n","protected":false},"excerpt":{"rendered":"<p>ABB ASM1 37 KW S\u00dcR\u00dcC\u00dc ACSM1-04AS-073A-4<br \/>\n#ABB, #ACSM1, #37KW, #INVERTER<\/p>\n","protected":false},"featured_media":3649,"comment_status":"open","ping_status":"closed","template":"","meta":{"om_disable_all_campaigns":false,"_monsterinsights_skip_tracking":false,"_monsterinsights_sitenote_active":false,"_monsterinsights_sitenote_note":"","_monsterinsights_sitenote_category":0,"site-sidebar-layout":"default","site-content-layout":"default","ast-global-header-display":"","ast-main-header-display":"","ast-hfb-above-header-display":"","ast-hfb-below-header-display":"","ast-hfb-mobile-header-display":"","site-post-title":"","ast-breadcrumbs-content":"","ast-featured-img":"","footer-sml-layout":"","theme-transparent-header-meta":"default","adv-header-id-meta":"","stick-header-meta":"","header-above-stick-meta":"","header-main-stick-meta":"","header-below-stick-meta":""},"product_cat":[70,476],"product_tag":[202,62,477,478],"aioseo_notices":[],"_links":{"self":[{"href":"https:\/\/invertormerkezi.com\/index.php\/wp-json\/wp\/v2\/product\/3635"}],"collection":[{"href":"https:\/\/invertormerkezi.com\/index.php\/wp-json\/wp\/v2\/product"}],"about":[{"href":"https:\/\/invertormerkezi.com\/index.php\/wp-json\/wp\/v2\/types\/product"}],"replies":[{"embeddable":true,"href":"https:\/\/invertormerkezi.com\/index.php\/wp-json\/wp\/v2\/comments?post=3635"}],"wp:featuredmedia":[{"embeddable":true,"href":"https:\/\/invertormerkezi.com\/index.php\/wp-json\/wp\/v2\/media\/3649"}],"wp:attachment":[{"href":"https:\/\/invertormerkezi.com\/index.php\/wp-json\/wp\/v2\/media?parent=3635"}],"wp:term":[{"taxonomy":"product_cat","embeddable":true,"href":"https:\/\/invertormerkezi.com\/index.php\/wp-json\/wp\/v2\/product_cat?post=3635"},{"taxonomy":"product_tag","embeddable":true,"href":"https:\/\/invertormerkezi.com\/index.php\/wp-json\/wp\/v2\/product_tag?post=3635"}],"curies":[{"name":"wp","href":"https:\/\/api.w.org\/{rel}","templated":true}]}}