{"id":3660,"date":"2025-11-27T13:11:55","date_gmt":"2025-11-27T10:11:55","guid":{"rendered":"https:\/\/invertormerkezi.com\/?post_type=product&#038;p=3660"},"modified":"2025-11-27T13:11:55","modified_gmt":"2025-11-27T10:11:55","slug":"yaskawa-a1000-55-75-kw-surucu-cimr-ab4a0018fba","status":"publish","type":"product","link":"https:\/\/invertormerkezi.com\/index.php\/urun\/yaskawa-a1000-55-75-kw-surucu-cimr-ab4a0018fba\/","title":{"rendered":"YASKAWA A1000 5,5\/7,5 KW S\u00dcR\u00dcC\u00dc CIMR-AB4A0018FBA"},"content":{"rendered":"<p>YASKAWA A1000 5,5\/7,5 KW S\u00dcR\u00dcC\u00dc CIMR-AB4A0018FBA<br \/>\n#YASKAWA, #A1000, #5.5\/7.5KW, #CIMR-AB4A0018FBA<\/p>\n","protected":false},"excerpt":{"rendered":"<p>YASKAWA A1000 5,5\/7,5 KW S\u00dcR\u00dcC\u00dc CIMR-AB4A0018FBA<br \/>\n#YASKAWA, #A1000, #5.5\/7.5KW, #CIMR-AB4A0018FBA<\/p>\n","protected":false},"featured_media":3662,"comment_status":"open","ping_status":"closed","template":"","meta":{"om_disable_all_campaigns":false,"_monsterinsights_skip_tracking":false,"_monsterinsights_sitenote_active":false,"_monsterinsights_sitenote_note":"","_monsterinsights_sitenote_category":0,"site-sidebar-layout":"default","site-content-layout":"default","ast-global-header-display":"","ast-main-header-display":"","ast-hfb-above-header-display":"","ast-hfb-below-header-display":"","ast-hfb-mobile-header-display":"","site-post-title":"","ast-breadcrumbs-content":"","ast-featured-img":"","footer-sml-layout":"","theme-transparent-header-meta":"default","adv-header-id-meta":"","stick-header-meta":"","header-above-stick-meta":"","header-main-stick-meta":"","header-below-stick-meta":""},"product_cat":[16,105,119],"product_tag":[487,488,66,400,489,230,67,166],"aioseo_notices":[],"_links":{"self":[{"href":"https:\/\/invertormerkezi.com\/index.php\/wp-json\/wp\/v2\/product\/3660"}],"collection":[{"href":"https:\/\/invertormerkezi.com\/index.php\/wp-json\/wp\/v2\/product"}],"about":[{"href":"https:\/\/invertormerkezi.com\/index.php\/wp-json\/wp\/v2\/types\/product"}],"replies":[{"embeddable":true,"href":"https:\/\/invertormerkezi.com\/index.php\/wp-json\/wp\/v2\/comments?post=3660"}],"wp:featuredmedia":[{"embeddable":true,"href":"https:\/\/invertormerkezi.com\/index.php\/wp-json\/wp\/v2\/media\/3662"}],"wp:attachment":[{"href":"https:\/\/invertormerkezi.com\/index.php\/wp-json\/wp\/v2\/media?parent=3660"}],"wp:term":[{"taxonomy":"product_cat","embeddable":true,"href":"https:\/\/invertormerkezi.com\/index.php\/wp-json\/wp\/v2\/product_cat?post=3660"},{"taxonomy":"product_tag","embeddable":true,"href":"https:\/\/invertormerkezi.com\/index.php\/wp-json\/wp\/v2\/product_tag?post=3660"}],"curies":[{"name":"wp","href":"https:\/\/api.w.org\/{rel}","templated":true}]}}