{"id":3766,"date":"2026-02-18T15:01:25","date_gmt":"2026-02-18T12:01:25","guid":{"rendered":"https:\/\/invertormerkezi.com\/?post_type=product&#038;p=3766"},"modified":"2026-02-18T15:01:25","modified_gmt":"2026-02-18T12:01:25","slug":"abb-acs800-160-kw-surucu-acs800-04-0210-3","status":"publish","type":"product","link":"https:\/\/invertormerkezi.com\/index.php\/urun\/abb-acs800-160-kw-surucu-acs800-04-0210-3\/","title":{"rendered":"ABB ACS800 160 KW S\u00dcR\u00dcC\u00dc ACS800-04-0210-3"},"content":{"rendered":"<p>ABB ACS800 160 KW S\u00dcR\u00dcC\u00dc ACS800-04-0210-3<br \/>\n#ABB, #ACS800, #ACS800-04-0210-3<\/p>\n","protected":false},"excerpt":{"rendered":"<p>ABB ACS800 160 KW S\u00dcR\u00dcC\u00dc ACS800-04-0210-3<br \/>\n#ABB, #ACS800, #ACS800-04-0210-3<\/p>\n","protected":false},"featured_media":3768,"comment_status":"open","ping_status":"closed","template":"","meta":{"om_disable_all_campaigns":false,"_monsterinsights_skip_tracking":false,"_monsterinsights_sitenote_active":false,"_monsterinsights_sitenote_note":"","_monsterinsights_sitenote_category":0,"site-sidebar-layout":"default","site-content-layout":"default","ast-global-header-display":"","ast-main-header-display":"","ast-hfb-above-header-display":"","ast-hfb-below-header-display":"","ast-hfb-mobile-header-display":"","site-post-title":"","ast-breadcrumbs-content":"","ast-featured-img":"","footer-sml-layout":"","theme-transparent-header-meta":"default","adv-header-id-meta":"","stick-header-meta":"","header-above-stick-meta":"","header-main-stick-meta":"","header-below-stick-meta":""},"product_cat":[16,70,131],"product_tag":[62,338,535,432,67],"aioseo_notices":[],"_links":{"self":[{"href":"https:\/\/invertormerkezi.com\/index.php\/wp-json\/wp\/v2\/product\/3766"}],"collection":[{"href":"https:\/\/invertormerkezi.com\/index.php\/wp-json\/wp\/v2\/product"}],"about":[{"href":"https:\/\/invertormerkezi.com\/index.php\/wp-json\/wp\/v2\/types\/product"}],"replies":[{"embeddable":true,"href":"https:\/\/invertormerkezi.com\/index.php\/wp-json\/wp\/v2\/comments?post=3766"}],"wp:featuredmedia":[{"embeddable":true,"href":"https:\/\/invertormerkezi.com\/index.php\/wp-json\/wp\/v2\/media\/3768"}],"wp:attachment":[{"href":"https:\/\/invertormerkezi.com\/index.php\/wp-json\/wp\/v2\/media?parent=3766"}],"wp:term":[{"taxonomy":"product_cat","embeddable":true,"href":"https:\/\/invertormerkezi.com\/index.php\/wp-json\/wp\/v2\/product_cat?post=3766"},{"taxonomy":"product_tag","embeddable":true,"href":"https:\/\/invertormerkezi.com\/index.php\/wp-json\/wp\/v2\/product_tag?post=3766"}],"curies":[{"name":"wp","href":"https:\/\/api.w.org\/{rel}","templated":true}]}}